{"id":9646,"date":"2023-08-30T16:28:07","date_gmt":"2023-08-30T16:28:07","guid":{"rendered":"https:\/\/talabarteriainglesa.com\/web\/?post_type=product&#038;p=9646"},"modified":"2024-05-29T13:38:29","modified_gmt":"2024-05-29T13:38:29","slug":"bridon-solido-de-acero-aleman","status":"publish","type":"product","link":"https:\/\/talabarteriainglesa.com\/web\/producto\/bridon-solido-de-acero-aleman\/","title":{"rendered":"PELHAM BRID\u00d3N S\u00d3LIDO DE ACERO ALEM\u00c1N"},"content":{"rendered":"","protected":false},"excerpt":{"rendered":"<p>FRENO PELHAM BRIDON SOLIDO<br \/>\nBOCADO DE ACERO ALEMAN<br \/>\nPATAS DE ACERO INOXIDABLE DE 7 CM<br \/>\nMEDIDA BOCADO: 135 MM<br \/>\nINCLUYE BARBADA Y ALACRANES DE ACERO INOXIDABLE<\/p>\n","protected":false},"featured_media":9649,"comment_status":"closed","ping_status":"closed","template":"","meta":[],"product_brand":[],"product_cat":[72,97,74,239,21,131],"product_tag":[],"class_list":{"0":"post-9646","1":"product","2":"type-product","3":"status-publish","4":"has-post-thumbnail","6":"product_cat-caballo","7":"product_cat-embocaduras","8":"product_cat-jacaranda","9":"product_cat-pelham","10":"product_cat-productos","11":"product_cat-salto","13":"first","14":"instock","15":"shipping-taxable","16":"product-type-simple"},"_links":{"self":[{"href":"https:\/\/talabarteriainglesa.com\/web\/wp-json\/wp\/v2\/product\/9646","targetHints":{"allow":["GET"]}}],"collection":[{"href":"https:\/\/talabarteriainglesa.com\/web\/wp-json\/wp\/v2\/product"}],"about":[{"href":"https:\/\/talabarteriainglesa.com\/web\/wp-json\/wp\/v2\/types\/product"}],"replies":[{"embeddable":true,"href":"https:\/\/talabarteriainglesa.com\/web\/wp-json\/wp\/v2\/comments?post=9646"}],"wp:featuredmedia":[{"embeddable":true,"href":"https:\/\/talabarteriainglesa.com\/web\/wp-json\/wp\/v2\/media\/9649"}],"wp:attachment":[{"href":"https:\/\/talabarteriainglesa.com\/web\/wp-json\/wp\/v2\/media?parent=9646"}],"wp:term":[{"taxonomy":"product_brand","embeddable":true,"href":"https:\/\/talabarteriainglesa.com\/web\/wp-json\/wp\/v2\/product_brand?post=9646"},{"taxonomy":"product_cat","embeddable":true,"href":"https:\/\/talabarteriainglesa.com\/web\/wp-json\/wp\/v2\/product_cat?post=9646"},{"taxonomy":"product_tag","embeddable":true,"href":"https:\/\/talabarteriainglesa.com\/web\/wp-json\/wp\/v2\/product_tag?post=9646"}],"curies":[{"name":"wp","href":"https:\/\/api.w.org\/{rel}","templated":true}]}}