{"id":11834,"date":"2025-01-31T16:03:45","date_gmt":"2025-01-31T16:03:45","guid":{"rendered":"https:\/\/talabarteriainglesa.com\/web\/?post_type=product&#038;p=11834"},"modified":"2025-01-31T16:42:09","modified_gmt":"2025-01-31T16:42:09","slug":"estribos-de-aluminio-flex-on","status":"publish","type":"product","link":"https:\/\/talabarteriainglesa.com\/web\/producto\/estribos-de-aluminio-flex-on\/","title":{"rendered":"ESTRIBOS DE ALUMINIO FLEX-ON"},"content":{"rendered":"","protected":false},"excerpt":{"rendered":"<p>Sistema exclusivo de absorci\u00f3n de impactos para reducir la tensi\u00f3n en los m\u00fasculos y articulaciones de las piernas del jinete.<br \/>\nMecanizado a partir de un bloque s\u00f3lido de aluminio utilizado en aeron\u00e1utica para brindar un dise\u00f1o resistente pero liviano.<br \/>\nEl pase de la estribera se encuentra desplazada y sesgada lo que ayuda a mantener el estribo en el \u00e1ngulo correcto para mantener la posici\u00f3n adecuada de las piernas y los pies.<br \/>\nPisadas inclinadas de m\u00e1xima estabilidad con agarre ultra.<\/p>\n","protected":false},"featured_media":11835,"comment_status":"closed","ping_status":"closed","template":"","meta":[],"product_brand":[],"product_cat":[280,98,21,131],"product_tag":[110,108,104],"class_list":{"0":"post-11834","1":"product","2":"type-product","3":"status-publish","4":"has-post-thumbnail","6":"product_cat-estribos-estribos","7":"product_cat-estribos","8":"product_cat-productos","9":"product_cat-salto","10":"product_tag-concurso-completo","11":"product_tag-endurance","12":"product_tag-salto","14":"first","15":"instock","16":"shipping-taxable","17":"product-type-simple"},"_links":{"self":[{"href":"https:\/\/talabarteriainglesa.com\/web\/wp-json\/wp\/v2\/product\/11834","targetHints":{"allow":["GET"]}}],"collection":[{"href":"https:\/\/talabarteriainglesa.com\/web\/wp-json\/wp\/v2\/product"}],"about":[{"href":"https:\/\/talabarteriainglesa.com\/web\/wp-json\/wp\/v2\/types\/product"}],"replies":[{"embeddable":true,"href":"https:\/\/talabarteriainglesa.com\/web\/wp-json\/wp\/v2\/comments?post=11834"}],"wp:featuredmedia":[{"embeddable":true,"href":"https:\/\/talabarteriainglesa.com\/web\/wp-json\/wp\/v2\/media\/11835"}],"wp:attachment":[{"href":"https:\/\/talabarteriainglesa.com\/web\/wp-json\/wp\/v2\/media?parent=11834"}],"wp:term":[{"taxonomy":"product_brand","embeddable":true,"href":"https:\/\/talabarteriainglesa.com\/web\/wp-json\/wp\/v2\/product_brand?post=11834"},{"taxonomy":"product_cat","embeddable":true,"href":"https:\/\/talabarteriainglesa.com\/web\/wp-json\/wp\/v2\/product_cat?post=11834"},{"taxonomy":"product_tag","embeddable":true,"href":"https:\/\/talabarteriainglesa.com\/web\/wp-json\/wp\/v2\/product_tag?post=11834"}],"curies":[{"name":"wp","href":"https:\/\/api.w.org\/{rel}","templated":true}]}}